 - 34. What is the tens digit of f?
2
Let l = 6 - -4. Suppose d = -4*d - 25. Let b = d + l. What is the units digit of b?
5
Let g = 9 + -6. Suppose -3*m = -15 + g. What is the units digit of m?
4
Suppose 28 = q + q. Suppose 3*i - 4*i + q = 0. What is the units digit of i?
4
Suppose 2*v + 3*c = 6*v - 5, -4*v = -5*c - 3. Let d(f) be the third derivative of f**5/60 - f**4/12 + f**3/3 + f**2. What is the units digit of d(v)?
2
Let r(m) = -1 + m + 1 - 3*m**3 + 2*m**3 - m**2. Let a be r(-2). Suppose -12 = p + 5*n - 41, -p = a*n - 17. What is the units digit of p?
9
Let o(z) = 4*z**2 + 2*z + 2. Let v be o(4). Let k = 107 - v. What is the tens digit of k?
3
Let s be (-5 - 14) + (-1 - -4). Let o = -5 - -1. What is the units digit of s/(-3) - o/(-12)?
5
What is the hundreds digit of (-6665)/(-25) + ((-36)/(-15))/6?
2
Suppose -4*r - 48 = -356. What is the units digit of r?
7
Let n be (-21)/(-4) - 4/16. Suppose -t - 4*q = -9, -n*t - q = 2*q - 79. What is the units digit of t?
7
Let w be (-15)/5 - -1*1. Let s(v) = -v**3 + 5*v**2 + 6*v + 7. Let z be s(6). Let l = w + z. What is the units digit of l?
5
Let w(t) = t**3 + 10*t**2 + 11*t + 3. What is the units digit of w(-8)?
3
Suppose -2*c = -5*c + 36. What is the units digit of c?
2
Suppose 0 = 9*o - 1287 - 729. What is the hundreds digit of o?
2
Let l be (-38 - -3)*1/1. Let u be ((-126)/l)/(1/5). What is the units digit of (-11)/(-9) - 4/u?
1
Suppose -2*y = -4 - 6. Let x = 4 - y. What is the units digit of x*(-6 - 9/(-3))?
3
Let h(v) = 3*v. Let x be h(-1). Let i = x - -7. Suppose 42 = 6*g - 2*g - 2*q, 3*q = i*g - 43. What is the units digit of g?
0
Let a(q) = -q**3 - 3*q**2 - 3. What is the units digit of a(-4)?
3
Let k = -2 - -5. Suppose 2 + k = 5*t. What is the units digit of t?
1
Let q(s) = 5 + 2*s + 0 - 3*s. Let a(x) = -x + 12. Let o be a(8). What is the units digit of q(o)?
1
What is the tens digit of 1698/12 + -6 - 2/(-4)?
3
Suppose -4*s + 60 = -0*s. What is the units digit of (-4)/(-3) - (-25)/s?
3
What is the units digit of 117/6 - (-2)/4?
0
Let i be (-1)/5 - 14/5. What is the tens digit of (95/15)/((-1)/i)?
1
What is the hundreds digit of 6/((-9)/384*-2)?
1
Suppose 2*m = 2*y - 4, 0 = 3*y - 5*y + 4*m. Suppose w = 2*w - y. Suppose -52 = -5*a - 4*f, w*a - 27 = 2*f + 25. What is the units digit of a?
2
Let y(a) = 5*a + 7. Let x = -13 + 8. Let d be y(x). Let p = -10 - d. What is the units digit of p?
8
Let t = 532 + -351. What is the units digit of t?
1
Let g = 11 - 11. Suppose 3*c + 26 = u, -5*u = -g*u - c - 130. What is the tens digit of u?
2
Suppose -9*u = -8*u - 261. What is the hundreds digit of u?
2
Let k(g) = -g + 10. Suppose 2*v + 0*v - 12 = 0. What is the units digit of k(v)?
4
Let x be (5/(-3))/((-6)/36). Suppose -x - 6 = -2*q. What is the units digit of q?
8
Suppose -2*p + 6*p = 488. What is the hundreds digit of p?
1
Let y be (-31)/(-2) + 3/6. What is the tens digit of 207/4 - (-4)/y?
5
Let z = 0 - 1. Let j = z - -1. Suppose -5*o = 3*i - j*o - 8, 3*i - 4*o = -1. What is the units digit of i?
1
What is the units digit of (-4 - -2)/((-2)/31)?
1
Let x be 6/(-9)*(0 - -6). Suppose 3*z - 4*v - 1 = -0, 5*z - 55 = -4*v. What is the units digit of (z/2)/((-2)/x)?
7
Suppose -3*s + 606 = 4*n - s, -4*s = -4*n + 612. What is the units digit of n?
2
Suppose 0 = -4*r + 8, -60 = -s + 3*r + 78. What is the units digit of s?
4
Suppose 2*t - c = 3*t, 4*t = 2*c + 12. Let f = 2 + t. What is the units digit of f?
4
Suppose 3*r = -4*a + 20, -4 = 4*a - 3*r - 0*r. Suppose -9*k + 224 = -a*k. What is the tens digit of k?
3
What is the units digit of (-4)/7 + 6240/91?
8
Suppose 4*n = 64 + 68. What is the units digit of n?
3
Suppose 12 = 4*t - 3*t. What is the units digit of t?
2
Let r(w) be the first derivative of w**3/3 + 5*w**2/2 + 4*w + 2. What is the units digit of r(-7)?
8
Suppose -11 = -3*a - 2. Suppose 0 = t - a - 1. Suppose t*u = -u + 30. What is the units digit of u?
6
Let t(n) = 17*n - 24. Let i(y) = 33*y - 47. Let o(q) = -6*i(q) + 11*t(q). Let p(b) = -4*b + 6. Let z(d) = -6*o(d) + 17*p(d). What is the units digit of z(-7)?
8
Let l = -154 - -308. What is the units digit of l?
4
What is the units digit of 3876/54 + (-2)/(-9)?
2
Suppose -p + 9 - 1 = 0. Let x = p + -5. Suppose -d - 16 = -z, -58 = -4*z + 4*d - x*d. What is the tens digit of z?
1
Let o(r) = r**2 - 12. Let n be o(0). Let v be (4 - 1)/3*-1. What is the units digit of (-2 - n/(-3))*v?
6
Let c be 14/(-2) + (0 - -2). Let q = 10 + c. Suppose -100 = -q*u + 3*g, -2*u + 140 = 3*u + 5*g. What is the tens digit of u?
2
Suppose -2*y + 5*y - 15 = 0. Let f(d) = -4*d**2 + d. Let h be f(4). What is the units digit of h/(-9)*6/y?
8
What is the tens digit of 5 + 141*(-4)/(-12)?
5
Suppose -5*x + 22 = n, 3*n = 2*n + 5*x - 8. Let s = n - -6. What is the tens digit of s?
1
Let j(h) be the second derivative of 11*h**4/12 - h**3/3 - h**2/2 + h. Let m(k) = -k**3 - 15*k**2 - 14*k - 1. Let f be m(-14). What is the tens digit of j(f)?
1
Suppose 28 = 3*x - d, 2*d - 4 = 4*x - 42. What is the units digit of x?
9
Let c = 44 + 34. Let t = c + -43. What is the tens digit of t?
3
Suppose 3*z - 21 = -i, -2*z + 15 = 3*z - 5*i. Let o(y) = -2*y - 2 - 3 + 3*y. What is the units digit of o(z)?
1
Let m(s) = s**2 + s. Let u(k) = -k**2 - 8*k + 2. Let r(n) = 4*m(n) + u(n). Let t be r(4). Let h = t + -24. What is the units digit of h?
0
Suppose -g + 4*s - 12 = -0, 4*g - 24 = -2*s. Suppose -35 = -3*l - g*j, -j + 0*j = -l. What is the units digit of l?
5
Let g(b) = 2*b**3 + b**2 - b - 2. Suppose 5*k - 3*k = 4. What is the tens digit of g(k)?
1
Let q be (18/(-3))/(1 + -3). What is the units digit of q*21/9 - 1?
6
Suppose -4*k = -k - 15. Suppose -46 = -4*l + 3*x - x, -l - k*x = 16. What is the units digit of l?
9
Suppose 52*d = 54*d - 412. What is the hundreds digit of d?
2
Suppose 2*m + m = 9. Suppose -m*u = -u. Let x = u + 4. What is the units digit of x?
4
What is the hundreds digit of (-267)/(10/((-100)/15))?
1
What is the tens digit of 123/6 - 1/(-2)?
2
What is the tens digit of 20/(-6)*-2*9?
6
Let s(c) = 2*c**3 + 2*c**2 + 3*c - 3. Let r be s(2). Suppose r = 3*p - 0*p. Suppose -p = -3*k + 2*k. What is the units digit of k?
9
Let c(n) be the second derivative of n**4/12 + 3*n**3/2 + n**2/2 + 6*n. What is the units digit of c(-9)?
1
Suppose 0 = -4*t - 3*j + 46, -6*j - 28 = -3*t - 5*j. What is the tens digit of t?
1
Suppose -f - 5*k + 11 = -17, k = -4*f + 131. What is the units digit of f?
3
Suppose 0 = -3*m + 79 + 17. What is the tens digit of m?
3
Let c = 0 - 1. Let p = 10 - c. What is the tens digit of p?
1
Let n(q) = q**3 - 7*q**2 + 7*q - 2. Let f be n(6). What is the units digit of (1 - f/(-12))*12?
6
Let m(n) = n**3 + 2*n**2 - 2*n + 1. What is the units digit of m(1)?
2
Suppose -5*a = -10*a + 30. What is the units digit of a?
6
What is the hundreds digit of ((-7)/(-3))/((-44)/(-3036))?
1
Let w(u) = -167*u**3 + 2*u**2 + 3*u + 2. What is the tens digit of w(-1)?
6
Suppose -u - 199 = -3*v, -292 = -4*v - 4*u - 0*u. Suppose 0 = 4*i - 4*d - v, d - 4*d + 45 = 5*i. What is the tens digit of i?
1
Let q be 0/(-1 + (-1)/1). Suppose q = -5*l + 86 + 49. What is the tens digit of l?
2
Let y be (-1)/((-2)/18) - 1. Let l be y/(-12) + (-11)/(-3). Suppose -l*i - 36 = -6*i. What is the tens digit of i?
1
What is the units digit of (-4)/3*(-126)/12?
4
Let c = 11 - 6. Suppose 2*v + 119 = c*x + 35, 3*v + 22 = x. Let f = 29 - x. What is the tens digit of f?
1
Suppose 3 = -u, 0 = -3*o - 0*u - 5*u + 93. Let h = o - 17. What is the tens digit of h?
1
Let n be 62/3 + 1/3. Let x = -9 + n. Let t = x - 8. What is the units digit of t?
4
Let s(m) = 9*m - 4. Let w = -7 - -14. Let n(g) = -8*g + 4. Let k(r) = w*n(r) + 6*s(r). What is the tens digit of k(-4)?
1
Let m(f) = -3 - 2*f - 2*f - 3 - f. What is the tens digit of m(-5)?
1
Let v be 3 + (2 - -1 - 2). Let b = v + 0. Suppose i - 14 = -b. What is the units digit of i?
0
Suppose -5*m + 76 = -3*m. Let w = m - 25. What is the units digit of w?
3
Let r = 3 + 1. Suppose -2*s = 2*n - 0 - 4, 5*s - 14 = -n. Suppose s*a = r + 2. What is the units digit of a?
2
Let j be 5/1*4/(-10). Let r(w) be the first derivative of 2*w**3/3 + w**2/2 + w + 1. What is the units digit of r(j)?
7
Let k(q) be the second derivative of 2*q**3/3 - 7*q**2/2 + 2*q. What is the units digit of k(5)?
3